08 and 32046.
294
What is the highest common factor of 34 and 44353?
17
What is the highest common divisor of 13211907 and 1479?
1479
What is the highest common divisor of 588 and 190218?
294
Calculate the highest common divisor of 1798 and 87203.
899
Calculate the greatest common factor of 3000 and 1008.
24
Calculate the highest common factor of 43770 and 90.
30
What is the highest common divisor of 5 and 35635?
5
What is the highest common factor of 14 and 19786?
2
What is the highest common factor of 303814 and 28?
14
Calculate the greatest common factor of 375 and 2670.
15
What is the greatest common factor of 142 and 242678?
142
What is the greatest common divisor of 91575 and 10125?
225
What is the greatest common divisor of 11705 and 1260?
5
What is the highest common factor of 1412368 and 5248?
656
Calculate the highest common divisor of 32244 and 3.
3
Calculate the highest common factor of 6370 and 585.
65
Calculate the greatest common divisor of 11275 and 25.
25
What is the highest common divisor of 3 and 85554?
3
What is the highest common divisor of 581 and 20169?
83
Calculate the highest common divisor of 6 and 1311.
3
What is the greatest common divisor of 69417 and 54?
27
What is the greatest common divisor of 67416 and 108?
12
What is the greatest common factor of 649 and 396?
11
Calculate the greatest common factor of 731 and 45135.
17
What is the highest common divisor of 6355 and 15190?
155
Calculate the greatest common factor of 106392 and 616.
88
Calculate the highest common divisor of 597788 and 68.
68
What is the highest common divisor of 2080 and 154960?
1040
Calculate the greatest common divisor of 1190860 and 880.
220
What is the greatest common divisor of 2875 and 621?
23
What is the greatest common factor of 2388 and 12?
12
Calculate the greatest common factor of 4632 and 62146.
386
Calculate the highest common divisor of 21936 and 5028.
12
What is the highest common divisor of 12723399 and 1053?
1053
What is the highest common divisor of 99856 and 8?
8
Calculate the greatest common factor of 27 and 508.
1
Calculate the greatest common factor of 68080 and 100.
20
What is the greatest common factor of 16864 and 40?
8
What is the greatest common divisor of 9943008 and 192?
96
Calculate the highest common divisor of 44 and 29711.
11
What is the highest common factor of 17485 and 2340?
65
Calculate the highest common divisor of 703187 and 1249.
1249
Calculate the greatest common divisor of 9614 and 1342.
22
What is the highest common factor of 45 and 1379205?
45
What is the highest common factor of 6135 and 465?
15
What is the highest common factor of 36 and 3252699?
9
Calculate the highest common factor of 432 and 6096.
48
Calculate the highest common divisor of 211588 and 26.
26
What is the greatest common factor of 431712 and 684?
36
Calculate the highest common divisor of 523348 and 28.
28
What is the highest common divisor of 120 and 75195?
15
Calculate the greatest common divisor of 93989 and 1624.
203
What is the greatest common divisor of 3652 and 1396?
4
Calculate the greatest common factor of 318 and 300934.
106
Calculate the greatest common factor of 753543 and 3402.
1701
What is the highest common divisor of 34 and 15181?
17
Calculate the highest common divisor of 5542 and 170498.
326
Calculate the highest common factor of 2786 and 8106.
14
What is the highest common divisor of 310787 and 5177?
167
Calculate the greatest common divisor of 2363 and 38216.
17
What is the greatest common factor of 125708 and 44?
44
Calculate the highest common divisor of 95099 and 61.
61
Calculate the greatest common divisor of 7674 and 1374.
6
What is the greatest common factor of 286 and 737858?
22
Calculate the greatest common divisor of 938 and 182441.
469
What is the greatest common factor of 35 and 3591315?
35
What is the greatest common factor of 120934 and 1518?
506
What is the greatest common factor of 205994 and 4318?
254
What is the greatest common factor of 157992 and 261?
87
Calculate the highest common factor of 4608 and 9568.
32
Calculate the highest common factor of 216 and 17768376.
216
What is the greatest common factor of 44 and 8517696?
44
Calculate the greatest common divisor of 47471 and 962.
37
What is the highest common factor of 18574 and 38?
2
Calculate the highest common divisor of 9315 and 18285.
345
Calculate the highest common factor of 246 and 9802362.
246
What is the highest common divisor of 8624 and 16336?
16
Calculate the greatest common factor of 128 and 469184.
64
What is the highest common factor of 272 and 1768?
136
Calculate the greatest common divisor of 2818530 and 1950.
390
Calculate the greatest common divisor of 713 and 643126.
713
Calculate the greatest common divisor of 957509 and 392.
49
What is the highest common factor of 18392 and 24?
8
What is the highest common divisor of 75046 and 67876?
478
What is the greatest common divisor of 10 and 170150?
10
What is the greatest common divisor of 9480 and 390?
30
What is the greatest common factor of 216720 and 672?
336
What is the highest common factor of 83937 and 294?
147
Calculate the highest common factor of 2522 and 48100.
26
Calculate the greatest common factor of 4797 and 12402.
117
What is the greatest common factor of 42801 and 33?
33
Calculate the greatest common factor of 1740 and 1190740.
580
What is the greatest common factor of 954 and 6282?
18
Calculate the greatest common divisor of 572 and 21019284.
572
What is the greatest common divisor of 4667 and 69251?
13
Calculate the greatest common divisor of 48 and 50352.
48
Calculate the greatest common factor of 55426 and 23828.
518
Calculate the highest common factor of 900 and 2196.
36
What is the greatest common divisor of 18806 and 2?
2
What is the highest common factor of 20976 and 2280?
456
Calculate the greatest common factor of 3222889 and 807.
269
Calculate the greatest common factor of 104785 and 95.
95
What is the highest common divisor of 697 and 323?
17
What is the greatest common divisor of 63357 and 441?
147
Calculate the highest common factor of 292905 and 225.
45
What is the greatest common factor of 142295 and 25?
5
Calculate the greatest common divisor of 232 and 3738738.
58
What is the highest common factor of 1326 and 1496612?
442
What is the greatest common factor of 23127 and 156?
39
Calculate the highest common factor of 4978 and 195714.
262
Calculate the highest common divisor of 6202 and 3353510.
886
What is the greatest common factor of 170 and 13702?
34
What is the greatest common divisor of 2581 and 5249?
29
What is the greatest common factor of 23647 and 3103?
107
Calculate the highest common factor of 1204 and 71428.
28
Calculate the greatest common divisor of 39984 and 122400.
816
What is the greatest common divisor of 17405 and 5015?
295
Calculate the greatest common factor of 13 and 4696185.
13
Calculate the greatest common divisor of 7496 and 16.
8
What is the highest common factor of 5550 and 123580?
370
Calculate the greatest common divisor of 226348 and 2391.
797
What is the highest common factor of 15472 and 2784?
16
What is the greatest common divisor of 4120 and 3715210?
1030
What is the highest common divisor of 58 and 39817?
29
What is the highest common divisor of 175 and 83335?
35
What is the highest common divisor of 560 and 11365?
5
What is the highest common factor of 111880 and 160?
40
What is the highest common divisor of 720 and 136368?
144
Calculate the highest common divisor of 4107376 and 2604.
868
What is the highest common factor of 24 and 25218?
6
Calculate the highest common divisor of 197649 and 63.
9
What is the highest common factor of 6720 and 9645?
15
What is the highest common divisor of 10972 and 3484?
52
Calculate the greatest common factor of 53457 and 9888.
309
What is the greatest common factor of 1775 and 2201?
71
Calculate the highest common factor of 12252 and 1524.
12
Calculate the greatest common divisor of 50688 and 3960.
792
Calculate the greatest common divisor of 1200380 and 1880.
940
Calculate the highest common factor of 1950 and 53430.
390
What is the greatest common factor of 132448 and 128?
32
What is the highest common divisor of 765 and 6545?
85
Calculate the greatest common factor of 